 = 2*v. Let d(g) = -g**3 - g**2 + g + 14. What is the remainder when (26/(-5))/((-2)/10) is divided by d(a)?
12
Let b(l) = 3 - 2 + 0*l - 3*l. Suppose -y - 7 = 6*y. Calculate the remainder when 6 is divided by b(y).
2
Let g = -33 + 46. Suppose -3*u = -2*u - g. Calculate the remainder when u is divided by 7.
6
Let q = -9 - -28. Let l = 29 + -52. Let z = l + 59. What is the remainder when z is divided by q?
17
Let d = 20 - 22. What is the remainder when 39 is divided by (-10)/(2/4*d)?
9
Suppose 7*r - 28 = -0*r. What is the remainder when 14 is divided by r?
2
Suppose 6*z - 4*z = -3*v + 3, -4*v = -4*z + 56. What is the remainder when 43 is divided by z?
7
Let u = -30 + 21. Let p(v) = v**2 + 8*v + 1. Let k be p(u). Suppose -q = -0*q - k. Calculate the remainder when 29 is divided by q.
9
Let i(k) = k**3 + 9*k**2 + 11*k - 7. What is the remainder when 39 is divided by i(-7)?
11
Let t(i) = i**2 + 15*i - 1. What is the remainder when t(6) is divided by 43?
39
Let z(l) be the third derivative of l**6/120 - l**5/20 - l**4/12 - l**3/3 + 3*l**2. What is the remainder when 10 is divided by z(4)?
4
Let n(c) = -2*c**3 - 4*c**2 - 3*c + 3. Calculate the remainder when n(-3) is divided by 22.
8
Suppose 3*z = 2*q - 10, q + z = 5*q - 40. Let j(k) = -k**2 + 6*k + 2. Calculate the remainder when q is divided by j(5).
4
Let q(f) = -f**3 - 9*f**2 - 4*f + 4. Suppose 5*z + 17 = 5*m - 43, -4*m + 30 = -2*z. What is the remainder when q(z) is divided by (-1)/((1*-1)/14)?
12
Let u = 3 + 0. Suppose 5*z - 45 = -u*n, 5*n - 44 = -3*z - 1. Calculate the remainder when z is divided by 4.
2
Let n = -1 - -1. Let p(x) = -x**3 + 13. Calculate the remainder when 24 is divided by p(n).
11
Let i = 20 + -52. Let a be 2/(-3) + i/(-12). Let y(j) = 2*j**3 - j**2 + j + 1. What is the remainder when 44 is divided by y(a)?
14
Let f(z) = 6*z + 4. Let o(q) = q**2 + q + 1. Let m(h) = f(h) + o(h). Calculate the remainder when m(-7) is divided by 2.
1
What is the remainder when 85 is divided by 22*8/(4/1)?
41
Let t = -11 - -15. Let k(p) = 2*p - 3. Suppose -12 = 4*d, 4*l + 2*d = -3*d + 17. What is the remainder when l is divided by k(t)?
3
Let z = -7 - -7. Suppose -5*f + 4*k + 28 = z, -4*k + 20 = 4*f - 24. Suppose 0*j = 3*j - 69. What is the remainder when j is divided by f?
7
Suppose -3*v + 12 = h - 5, 0 = -h - v + 9. Suppose -5*m + 0*m + 15 = 0. Calculate the remainder when h is divided by m.
2
Calculate the remainder when 90 is divided by (-136)/(-6) - 1/(-3).
21
What is the remainder when 8 is divided by (-2)/(-3) + (-20)/(-15)?
0
Suppose 226 - 44 = 7*t. Calculate the remainder when 103 is divided by t.
25
Calculate the remainder when (-2 - -6) + 104 + -5 is divided by 13.
12
Let u(y) = -6*y**3 - y**2 - 3. Let t(d) = -d**3 - d**2 - d - 1. Let n(z) = -5*t(z) + u(z). What is the remainder when n(4) is divided by 8?
6
Let f(b) = b**2 - 3*b + 1. Let n be f(2). Calculate the remainder when 49 is divided by (n - -28) + 2 + -4.
24
Suppose 5*p - 53 = -2*m, -2*m + 5*p = 2*m - 181. What is the remainder when m is divided by 22?
17
Suppose 0*i - 108 = -4*i. Suppose i = 4*o - 21. Suppose 20 = 4*x + 2*a, -o = -x + 2*a + 3. Calculate the remainder when 20 is divided by x.
6
Let q(d) = d**3 - d**2 - 2*d - 6. Let v be q(5). Suppose 5*c = 1 + v. Suppose 0 = 2*z - z - c. What is the remainder when z is divided by 6?
5
Suppose 3*w - 12 - 21 = -3*m, 0 = -w + 5*m + 11. What is the remainder when 17 + 0 + 1 - -2 is divided by w?
9
Suppose 66 + 74 = 4*i. What is the remainder when 138 is divided by i?
33
What is the remainder when ((-4)/(-8) - 142/4)*-1 is divided by 12?
11
Let m(i) = -i**2 - 9*i - 10. Let o be m(-8). Suppose g + 3*b - 15 = 3, b - 34 = -5*g. Calculate the remainder when (o/g)/(4/(-516)) is divided by 15.
13
Let d(a) = 104*a**3 + 2*a**2 - a. What is the remainder when d(1) is divided by 36?
33
Suppose -120 = -17*i + 84. Suppose 2*y + 3*y = 0. Suppose -35 = -y*m - m. What is the remainder when m is divided by i?
11
Suppose -n = -4*n + 216. Suppose n = 4*a + a - u, u - 40 = -3*a. Suppose 18*p = 12*p + 234. What is the remainder when p is divided by a?
11
What is the remainder when 31 is divided by 264/36*(-6)/(-4)?
9
Suppose 2*y = 2*d + 22, -3*d + 0 - 33 = -y. Let a = 5 - d. What is the remainder when a is divided by ((-45)/(-20))/(6/16)?
4
Suppose -2*k + 2 = -0*k. Calculate the remainder when k is divided by (0 - (1 - 2)) + 0.
0
Let v(c) = -3*c**3 - 3*c**2 - c - 2. Let j be v(-2). Suppose 3*f = -j - 0. Let l = f + 11. What is the remainder when l is divided by 4?
3
Let m(p) = 4*p + 12. Let w be m(9). Suppose -3*q + 12 = 0, 5*j - 243 = q + w. What is the remainder when j is divided by 15?
14
Let o be (12/10)/(2/5). Suppose -f + o*f = -z + 25, 5*f - 34 = -z. Calculate the remainder when z is divided by 10.
9
Let q = 39 - 24. Let m = 56 - 29. What is the remainder when m is divided by q?
12
Let o = -4 + -4. Let k be (-2)/3 + 132/9. Let t = o + k. What is the remainder when 9 is divided by t?
3
Suppose -3*c + 32 = c. Let u = 12 - c. Calculate the remainder when 14 is divided by u.
2
Let l = -28 - -31. Calculate the remainder when 9 is divided by l.
0
Let p(t) = -181*t - 2. What is the remainder when p(-1) is divided by 30?
29
Let r be ((-2)/(-3))/((-4)/(-12)). Let g be (0/r + 0)/3. Suppose -w + 2*y = -g*w - 19, 3*w - 65 = 2*y. What is the remainder when w is divided by 8?
7
Calculate the remainder when 63 is divided by (-1)/(-1*3/48).
15
Suppose -2*z - 2*o + 17 = -3, z + 5*o - 18 = 0. Calculate the remainder when 29 is divided by z.
5
Suppose -152 + 1237 = 5*t. What is the remainder when t is divided by 55?
52
Suppose -l + 3 = 2*l. Suppose -2*z = c - 22, c - 5 = 4*z - l. What is the remainder when 46 - (-2 + (-1)/(-1)) is divided by c?
15
Let h = 25 - -5. What is the remainder when h is divided by 16?
14
Suppose 3*z + 15 = 0, -r + 3*z + 30 = -2*z. Calculate the remainder when (-5)/(-25) + (-252)/(-15) is divided by r.
2
Let z = 27 + -25. Suppose -z*y - 2*y = -24. Let i = -7 + 11. Calculate the remainder when y is divided by i.
2
Suppose 5*t = 4*t + 15. Let i(m) = 16*m - 4. Suppose -2*g - 1 = -7. What is the remainder when i(g) is divided by t?
14
Let g(q) be the first derivative of 7*q**4 + q**3/3 - 3. Let d be g(1). Suppose 2*w - d - 31 = 0. Calculate the remainder when w is divided by 8.
6
Let a(h) = 2*h**2 + 3*h + 2. Let x be a(-2). What is the remainder when (147/6)/(2/x) is divided by 25?
24
Suppose 3*c - 163 = 14. Calculate the remainder when c is divided by 5.
4
Let r(g) = 12*g. Let l be r(1). Let s = l - 7. What is the remainder when s is divided by 4?
1
Suppose -4*j + 14 + 1 = 5*l, 60 = 5*l - 5*j. What is the remainder when 27 is divided by l?
6
Suppose 203 + 436 = 3*t. What is the remainder when t is divided by 27?
24
Calculate the remainder when 59 is divided by (-2)/3 + ((-616)/(-24) - -1).
7
Suppose 2*r = m - 8, -3*r + 2 = 2*m - 14. Suppose 2*p - 2 = 14. Let v = -3 + p. What is the remainder when m is divided by v?
3
Suppose -3*f = 5*t - 80, 4*t - 4*f + 10 = 42. Calculate the remainder when 37 is divided by t.
11
Let b be (-51 - -1)*(-2)/(-4). Let v = b + 45. What is the remainder when v + (-1 - -1) + 2 is divided by 12?
10
Let m(n) = -n**2 - 5*n + 3. Let p be m(-6). Let d = 9 - p. Suppose -f = -42 - 3. What is the remainder when f is divided by d?
9
Let o be 3/(1/2 + 1). Suppose 4*b - 54 = o*a, b + b + 2*a = 30. Suppose z - 20 = -3*z. Calculate the remainder when b is divided by z.
4
Let o = 1 + 2. Suppose -o*g + g + 42 = 0. Calculate the remainder when 40 is divided by g.
19
Suppose 0*t + 13*t = 494. What is the remainder when t is divided by 10?
8
Let n be ((-30)/4)/(1/(-2)). Suppose -2*x = -31 - n. Calculate the remainder when 1/(3/201)*(2 - 1) is divided by x.
21
Suppose 0 = m - 3*m - 8. Let x = 21 - 20. Calculate the remainder when 22 is divided by (1 + x)*(8 + m).
6
Let r(x) = -x**2 - 9*x + 7. Suppose 0 = 5*s - 2*m + 7*m - 5, 4*s = -5*m + 8. Let t(h) = -3*h + 3. Calculate the remainder when t(s) is divided by r(-9).
5
Suppose -30 = -4*x - t, -34 = -4*x - 0*x - 3*t. What is the remainder when x is divided by 2?
1
Let r(y) = -y**3 + 4*y**2 + 6*y - 3. Let v be r(5). Suppose 0 = 5*q - v*w - 45 - 243, 68 = q - 3*w. Calculate the remainder when q is divided by 19.
18
Suppose -99 + 509 = 